60.
2, 3, 5, 383
What are the prime factors of 1488?
2, 3, 31
What are the prime factors of 2149?
7, 307
What are the prime factors of 3155?
5, 631
What are the prime factors of 85646?
2, 11, 17, 229
What are the prime factors of 62220?
2, 3, 5, 17, 61
What are the prime factors of 39241?
39241
What are the prime factors of 9682?
2, 47, 103
What are the prime factors of 9097?
11, 827
What are the prime factors of 728?
2, 7, 13
What are the prime factors of 14602?
2, 7, 149
List the prime factors of 97690.
2, 5, 9769
List the prime factors of 5641.
5641
What are the prime factors of 23717?
37, 641
List the prime factors of 10655.
5, 2131
List the prime factors of 169.
13
List the prime factors of 13210.
2, 5, 1321
List the prime factors of 2717.
11, 13, 19
What are the prime factors of 27643?
7, 11, 359
What are the prime factors of 1530?
2, 3, 5, 17
What are the prime factors of 1297?
1297
What are the prime factors of 101016?
2, 3, 23, 61
List the prime factors of 2931.
3, 977
What are the prime factors of 1246?
2, 7, 89
List the prime factors of 36219.
3, 12073
List the prime factors of 109095.
3, 5, 7, 1039
What are the prime factors of 17245?
5, 3449
What are the prime factors of 199809?
3, 149
List the prime factors of 27194.
2, 13597
List the prime factors of 2056.
2, 257
What are the prime factors of 37340?
2, 5, 1867
What are the prime factors of 21471?
3, 17, 421
What are the prime factors of 216?
2, 3
List the prime factors of 6949.
6949
List the prime factors of 1492.
2, 373
List the prime factors of 14480.
2, 5, 181
What are the prime factors of 137721?
3, 29, 1583
List the prime factors of 8043.
3, 7, 383
What are the prime factors of 8269?
8269
List the prime factors of 49567.
7, 73, 97
What are the prime factors of 9586?
2, 4793
What are the prime factors of 1688?
2, 211
List the prime factors of 99443.
277, 359
What are the prime factors of 13197?
3, 53, 83
What are the prime factors of 2539?
2539
List the prime factors of 4219.
4219
What are the prime factors of 1041?
3, 347
List the prime factors of 21600.
2, 3, 5
List the prime factors of 581.
7, 83
What are the prime factors of 19848?
2, 3, 827
List the prime factors of 754.
2, 13, 29
What are the prime factors of 14254?
2, 7127
List the prime factors of 4023.
3, 149
What are the prime factors of 10571?
11, 31
List the prime factors of 9516.
2, 3, 13, 61
What are the prime factors of 4184?
2, 523
What are the prime factors of 29962?
2, 71, 211
List the prime factors of 107.
107
List the prime factors of 381.
3, 127
List the prime factors of 25425.
3, 5, 113
What are the prime factors of 2991?
3, 997
List the prime factors of 18808.
2, 2351
What are the prime factors of 1136?
2, 71
List the prime factors of 4173.
3, 13, 107
List the prime factors of 3028.
2, 757
What are the prime factors of 816?
2, 3, 17
What are the prime factors of 54159?
3, 7, 2579
List the prime factors of 12254.
2, 11, 557
List the prime factors of 9347.
13, 719
What are the prime factors of 19810?
2, 5, 7, 283
What are the prime factors of 302?
2, 151
What are the prime factors of 100277?
149, 673
What are the prime factors of 7536?
2, 3, 157
List the prime factors of 2959.
11, 269
What are the prime factors of 9000?
2, 3, 5
List the prime factors of 6621.
3, 2207
What are the prime factors of 4699?
37, 127
What are the prime factors of 789?
3, 263
What are the prime factors of 5269?
11, 479
What are the prime factors of 2503?
2503
List the prime factors of 25830.
2, 3, 5, 7, 41
List the prime factors of 3736.
2, 467
List the prime factors of 850.
2, 5, 17
List the prime factors of 38472.
2, 3, 7, 229
What are the prime factors of 3468?
2, 3, 17
What are the prime factors of 110479?
110479
What are the prime factors of 1611?
3, 179
List the prime factors of 7828.
2, 19, 103
List the prime factors of 34043.
59, 577
List the prime factors of 3660.
2, 3, 5, 61
List the prime factors of 1527.
3, 509
List the prime factors of 1791.
3, 199
What are the prime factors of 6006?
2, 3, 7, 11, 13
What are the prime factors of 5666?
2, 2833
List the prime factors of 12958.
2, 11, 19, 31
List the prime factors of 42748.
2, 10687
What are the prime factors of 54178?
2, 103, 263
What are the prime factors of 6489?
3, 7, 103
What are the prime factors of 11581?
37, 313
List the prime factors of 71402.
2, 19, 1879
List the prime factors of 77.
7, 11
What are the prime factors of 890?
2, 5, 89
What are the prime factors of 2799?
3, 311
List the prime factors of 2532.
2, 3, 211
List the prime factors of 17126.
2, 8563
List the prime factors of 31454.
2, 15727
What are the prime factors of 42948?
2, 3, 1193
List the prime factors of 1728.
2, 3
What are the prime factors of 506?
2, 11, 23
List the prime factors of 33817.
7, 4831
What are the prime factors of 2172?
2, 3, 181
What are the prime factors of 2794?
2, 11, 127
List the prime factors of 2485.
5, 7, 71
List the prime factors of 1442.
2, 7, 103
List the prime factors of 137762.
2, 68881
List the prime factors of 44869.
11, 4079
List the prime factors of 17693.
13, 1361
List the prime factors of 125373.
3, 23, 79
List the prime factors of 16683.
3, 67, 83
List the prime factors of 5462.
2, 2731
What are the prime factors of 1311?
3, 19, 23
List the prime factors of 2823.
3, 941
What are the prime factors of 271?
271
List the prime factors of 5414.
2, 2707
List the prime factors of 1318.
2, 659
What are the prime factors of 4649?
4649
List the prime factors of 638.
2, 11, 29
List the prime factors of 44500.
2, 5, 89
List the prime factors of 27115.
5, 11, 17, 29
What are the prime factors of 1311?
3, 19, 23
List the prime factors of 1275.
3, 5, 17
What are the prime factors of 1713?
3, 571
What are the prime factors of 23939?
37, 647
List the prime factors of 2130.
2, 3, 5, 71
List the prime factors of 906.
2, 3, 151
List the prime factors of 35389.
43, 823
List the prime factors of 4746.
2, 3, 7, 113
What are the prime factors of 51684?
2, 3, 59, 73
List the prime factors of 162.
2, 3
What are the prime factors of 16211?
13, 29, 43
List the prime factors of 29872.
2, 1867
List the prime factors of 132950.
2, 5, 2659
What are the prime factors of 23187?
3, 59, 131
List the prime factors of 6327.
3, 19, 37
What are the prime factors of 3130?
2, 5, 313
List the prime factors of 5936.
2, 7, 53
List the prime factors of 3110.
2, 5, 311
What are the prime factors of 1378?
2, 13, 53
What are the prime factors of 26446?
2, 7, 1889
What are the prime factors of 3791?
17, 223
List the prime factors of 1347.
3, 449
List the prime factors of 30982.
2, 7, 2213
What are the prime factors of 29192?
2, 41, 89
List the prime factors of 13844.
2, 3461
List the prime factors of 5578.
2, 2789
What are the prime factors of 46156?
2, 11, 1049
What are the prime factors of 7068?
2, 3, 19, 31
List the prime factors of 967.
967
What are the prime factors of 22387?
61, 367
List the prime factors of 3687.
3, 1229
What are the prime factors of 18660?
2, 3, 5, 311
What are the prime factors of 17936?
2, 19, 59
What are the prime factors of 1207?
17, 71
List the prime factors of 2470.
2, 5, 13, 19
What are the prime factors of 165336?
2, 3, 83
What are the prime factors of 1185?
3, 5, 79
List the prime factors of 686.
2, 7
What are the prime factors of 19483?
19483
List the prime factors of 87640.
2, 5, 7, 313
List the prime factors of 5139.
3, 571
List the prime factors of 46670.
2, 5, 13, 359
List the prime factors of 3202.
2, 1601
What are the prime factors of 950?
2, 5, 19
List the prime factors of 88662.
2, 3, 7, 2111
What are the prime factors of 1091?
1091
List the prime factors of 555.
3, 5, 37
List the prime factors of 1679.
23, 73
List the prime factors of 915.
3, 5, 61
What are the prime factors of 2699?
2699
List the prime factors of 456.
2, 3, 19
List the prime factors of 333.
3, 37
What are the prime factors of 633?
3, 211
List the prime factors of 36411.
3, 53, 229
List the prime factors of 4149.
3, 461
What are the prime factors of 101376?
2, 3, 11
What are the prime factors of 54000?
2, 3, 5
What are the prime factors of 9511?
9511
List the prime factors of 984.
2, 3, 41
What are the prime factors of 15036?
2, 3, 7, 179
List the prime factors of 17771.
13, 1367
What are the 